s h(0)?
35
Let t(w) = -w**3 + 3*w**2 - 7*w + 11. Give t(2).
1
Let s(h) = 4*h + 46. Calculate s(-13).
-6
Let f(r) = -r**3 - 2*r**2 + 27*r - 12. Give f(-7).
44
Let b(r) = -r**3 + 6*r**2 + 2*r - 3. Give b(6).
9
Let y(u) = u**2 - 4*u - 11. What is y(5)?
-6
Let a(j) = 5*j + 120. Determine a(-20).
20
Let u(f) = -f**2 + 5*f + 23. Determine u(7).
9
Let i(p) = p**3 - 35*p**2 + 32*p + 42. Calculate i(34).
-26
Let m(z) = -z**3 - 9*z**2 + 12*z + 14. Give m(-10).
-6
Let w(f) = -2*f**2 - 9*f + 21. Calculate w(-6).
3
Let w(a) = -2*a - 35. Determine w(-16).
-3
Let f(n) = n**3 + 9*n**2 - 7*n + 34. Determine f(-10).
4
Let f(n) = -n**2 - 11*n - 15. Determine f(-8).
9
Let i(j) = -20*j + 33. Give i(7).
-107
Let n(i) = -i + 30. Determine n(25).
5
Let c(s) = -s**3 + 2*s**2 + 2*s - 4. Determine c(5).
-69
Let w(i) = 3*i + 6. Calculate w(5).
21
Let d(f) = -4*f - 12. Calculate d(-9).
24
Let m(z) = z**2 + 30*z - 98. Calculate m(-33).
1
Let k(n) = n**2 - 2*n - 7. Determine k(-4).
17
Let o(m) = -m**3 - 5*m**2 - 3*m - 10. Determine o(-5).
5
Let j(h) = -h**2 - 28*h + 541. Calculate j(-41).
8
Let m(x) = -2*x**2 - 30*x + 1. What is m(-14)?
29
Let a(f) = 2*f + 27. Calculate a(-15).
-3
Let w(a) = -a**3 - 27*a**2 - 2*a - 37. Determine w(-27).
17
Let w(k) = k**3 + 5*k**2 + 3*k + 17. Give w(-5).
2
Let j(m) = m**2 - 5*m + 4. Give j(6).
10
Let m(c) = -c**3 - 4*c**2 + 5*c + 4. What is m(-5)?
4
Let b(l) = l**3 - 11*l**2 - l - 7. What is b(11)?
-18
Let a(o) = 4*o**2 + 18*o - 11. Determine a(-5).
-1
Let x(u) = 2*u**3 - 13*u**2 + 7*u - 9. Determine x(6).
-3
Let r(k) = -k**3 - 4*k**2 - 9*k - 9. Calculate r(-2).
1
Let p(l) = -l**3 + 3*l**2 - l - 1. What is p(2)?
1
Let z(k) = 2*k**2 + 4*k - 2. What is z(6)?
94
Let s(t) = -t**2 - 3*t + 27. Calculate s(-6).
9
Let u(t) = t**3 - 11*t**2 + 12*t - 7. What is u(10)?
13
Let x(c) = 3*c + 2. Determine x(7).
23
Let g(w) = -8*w**2 + 2*w + 2. What is g(-1)?
-8
Let r(n) = 3*n + 24. Give r(-18).
-30
Let g(s) = 14*s - 15. Give g(7).
83
Let h(d) = -6*d + 2. Determine h(-13).
80
Let h(b) = b**3 + b**2 - 4*b - 3. Calculate h(-3).
-9
Let k(o) = -10*o**2 + 40*o + 1. Give k(4).
1
Let b(j) = j**3 + 11*j**2 + 8*j - 24. Give b(-10).
-4
Let f(t) = -6*t + 50. Determine f(8).
2
Let o(r) = -r**2 + 3*r - 10. What is o(7)?
-38
Let f(i) = i**3 - 14*i**2 + i + 15. Determine f(14).
29
Let k(c) = -c**3 - 13*c**2 - 47*c - 102. Determine k(-9).
-3
Let y(v) = v**2 + 14*v + 5. Determine y(-4).
-35
Let v(l) = -2*l**2 + 2*l + 8. Determine v(-3).
-16
Let g(a) = a**2 + 15*a + 24. Calculate g(-12).
-12
Let z(h) = 16*h - 89. Calculate z(8).
39
Let r(w) = w**3 - 4*w**2 - 12*w + 5. What is r(6)?
5
Let b(q) = -14*q - 181. What is b(-14)?
15
Let l(b) = -3*b**3 - 3*b**2 + 12*b + 13. What is l(-1)?
1
Let u(n) = -33*n + 164. Determine u(5).
-1
Let l(p) = p**3 + 8*p**2 + 9*p - 5. Determine l(-5).
25
Let s(a) = -19*a**2 + 4*a + 3. Determine s(-1).
-20
Let w(x) = -x**2 + 2*x - 6. Calculate w(6).
-30
Let q(l) = -l**2 - 9*l + 116. Determine q(7).
4
Let s(z) = z**3 - 13*z**2 - 4*z + 49. Determine s(13).
-3
Let b(k) = 3*k + 103. What is b(-34)?
1
Let c(q) = q**3 + 6*q**2 - 14*q - 3. Give c(-8).
-19
Let m(c) = -c**2 + 10*c. Determine m(7).
21
Let s(n) = 4*n + 10. What is s(-10)?
-30
Let k(a) = -a**3 + 6*a**2 - 7*a + 12. Determine k(5).
2
Let r(t) = 19*t - 13. Calculate r(-1).
-32
Let a(i) = i - 10. Calculate a(-4).
-14
Let h(q) = 3*q**2 + 2. What is h(3)?
29
Let j(r) = 8*r - 65. What is j(7)?
-9
Let h(u) = -3*u + 20. What is h(-6)?
38
Let h(t) = t - 26. Determine h(-8).
-34
Let u(t) = 11*t**3 - 1. Calculate u(-1).
-12
Let x(y) = 6*y - 126. Calculate x(22).
6
Let m(y) = -4*y. Calculate m(-2).
8
Let p(f) = -f - 8. What is p(1)?
-9
Let w(x) = 15*x**2 - x - 1. What is w(1)?
13
Let a(f) = -2*f + 10. Calculate a(4).
2
Let s(u) = -u**2 - 26*u - 2. Give s(-19).
131
Let s(a) = -a**3 + 9*a**2 - 7*a - 15. What is s(8)?
-7
Let j(a) = -2*a**2 - 6*a - 1. What is j(-4)?
-9
Let o(g) = 32*g**2 + 13*g. Calculate o(-1).
19
Let v(r) = -r**3 - 21*r**2 - 24*r - 64. What is v(-20)?
16
Let g(b) = b + 24. What is g(-10)?
14
Let n(l) = l**2 + 21*l - 1. Calculate n(-22).
21
Let q(w) = 6*w - 13. Calculate q(9).
41
Let a(y) = y**2 - 2*y + 9. Give a(3).
12
Let t(u) = 11*u**2 + 7*u - 3. Determine t(-3).
75
Let t(z) = -3*z**2 - z + 10. Calculate t(4).
-42
Let d(v) = v**2 - 12*v + 7. Give d(6).
-29
Let u(k) = -k**2 + 7*k + 3. What is u(8)?
-5
Let s(l) = -16*l - 35. What is s(-2)?
-3
Let s(z) = -2*z**2 + 19*z - 4. Determine s(8).
20
Let k(b) = 3*b**2 - 3*b. Give k(2).
6
Let p(f) = 2*f**3 + 19*f**2 + 11*f + 12. Determine p(-9).
-6
Let s(v) = -7*v - 92. What is s(-8)?
-36
Let d(c) = 2*c**2 + 5*c - 10. Give d(-5).
15
Let u(n) = -26*n + 14. Determine u(-1).
40
Let p(z) = -z**2 - 12*z - 13. Give p(-12).
-13
Let d(x) = -65*x + 5. Determine d(2).
-125
Let s(a) = -6*a - 1. Calculate s(1).
-7
Let r(g) = g**3 + 9*g**2 + 8*g - 1. Give r(-1).
-1
Let a(w) = w**3 + 10*w**2 + 3*w - 21. Determine a(-10).
-51
Let r(m) = m**2 - 7*m + 8. Give r(5).
-2
Let y(v) = -3*v - 11. Determine y(4).
-23
Let h(t) = 2*t**3 + 44*t**2 - 17. What is h(-22)?
-17
Let m(l) = -2*l**2 - l - 8. Calculate m(4).
-44
Let k(b) = -54*b**3 + 2*b + 2. Determine k(-1).
54
Let u(l) = -16*l. What is u(-3)?
48
Let c(b) = -b**3 + 4*b**2 + 2. What is c(4)?
2
Let g(z) = z**3 - 3*z**2 + 3*z - 1. Determine g(1).
0
Let w(l) = l. Calculate w(-5).
-5
Let k(r) = 15*r + 72. Calculate k(-3).
27
Let s(o) = o**3 + 16*o**2 - 19*o + 22. Calculate s(-17).
56
Let t(r) = 13*r - 2. Give t(-2).
-28
Let g(y) = 4*y - 6. Determine g(5).
14
Let u(x) = -x + 11. Determine u(11).
0
Let l(s) = s**3 - 22*s**2 + 66*s + 12. Determine l(4).
-12
Let i(h) = -h - 4. Determine i(6).
-10
Let h(p) = p**2 + 7*p - 2. Determine h(-7).
-2
Let i(s) = s**3 - 9*s**2 - 14*s + 35. Determine i(10).
-5
Let j(o) = -3*o**2 - 22*o - 5. Determine j(-12).
-173
Let i(s) = -s**2 + 6*s - 2. Calculate i(4).
6
Let a(z) = -z**3 - 5*z**2 + 4*z + 5. Determine a(-5).
-15
Let x(z) = -5*z + 267. What is x(53)?
2
Let d(p) = -p - 3. Calculate d(-13).
10
Let l(a) = -a + 3. What is l(0)?
3
Let l(i) = i - 3. Calculate l(6).
3
Let y(t) = -t - 18. Calculate y(-10).
-8
Let m(r) = r**3 - 22*r**2 + 21*r - 6. What is m(21)?
-6
Let r(b) = -b**3 + 20*b**2 + 19*b + 42. Give r(21).
0
Let y(q) = -q**3 + 4*q**2 + 8*q - 7. Calculate y(6).
-31
Let p(w) = -w - 10. Determine p(0).
-10
Let r(k) = -k**2 + 7*k + 38. What is r(10)?
8
Let x(h) = -h**3 - 5*h**2 - h + 8. Determine x(-4).
-4
Let k(x) = x**3 + 17*x**2 + 7. Determine k(-17).
7
Let c(d) = -d**2 + 2*d + 5. Determine c(0).
5
Let s(g) = 2*g**3 + 4*g**2 - 4*g - 10. Determine s(-2).
-2
Let r(t) = -4*t**2 - 5*t + 1. Calculate r(-1).
2
Let q(w) = 2*w**3 - 14*w**2 - w + 6. Determine q(7).
-1
Let l(k) = -6*k - 76. Determine l(-14).
8
Let p(c) = -c**2 + 9*c + 54. Give p(-10).
-136
Let k(j) = j**2 - 6*j - 2. What is k(7)?
5
Let r(c) = c**3 - 16*c**2 - 2. Give r(16).
-2
Let s(l) = 32*l - 74. Give s(3).
22
Let a(w) = 4*w - 21. What is a(5)?
-1
Let f(w) = -w**2 - 15*w + 28. Give f(-17).
-6
Let p(b) = 3*b + 41. Calculate p(-20).
-19
Let t(i) = 7*i**3 + 2*i - 1. Give t(1).
8
Let y(p) = -p**3 - p**2 + 5*p + 2. Determine y(-2).
-4
Let q(k) = k**3 + 10*k**2 + 10*k + 1. Calculate q(-9).
-8
Let w(l) = -2*l - 13. Calculate w(-7).
1
Let y(j) = 2*j**3 - 6*j**2 + 8. What is y(3)?
8
Let g(n) = -4*n - 116. What is g(-26)?
-12
Let x(u) = -u**3 - 8*u**2 - 3*u + 59. Calculate x(-6).
5
Let t(n) = n**3 - 4*n**2 - 60*n - 4. Calculate t(10).
-4
Let n(q) = -q**2 - 21*q + 43. Determine n(-20).
63
Let w(g) = -7*g - 67. Determine w(-9).
-4
Let c(m) = -16*m - 187. Determine c(-12).
5
Let k(w) = -2*w**3 - 2*w**2 - 1. What is k(-2)?
7
Let d(t) = t**3 - 10*t**2 + 7*t + 20. Calculate d(9).
2
Let i(x) = -x - 2. Determine i(-8).
6
Let c(l) = -l**2 + 28. What is c(0)?
28
Let r(n) = -n**2 + 7. Give r(-5).
-18
Let q(t) = -12*t - 8. Calculate q(0).
-8
Let o(p) = 2*p**2 + p - 4. Give o(-2).
2
Let j(b) = b**2 + 11*b - 3. What is j(-10)?
-13
Let y(k) = -3*k**2 + 5*k - 8. What is y(4)?
-36
Let v(r) = 2*r**2 - 19*r + 53. What is v(6)?
11
Let j(s) = s**3 - s**2 - 2. What is j(-5)?
-152
Let q(l) = -l**3 - 35*l**2 - 36*l - 85. Give q(-34).
-17
Let r(p) = -p**2 + p + 12. What is r(0)?
12
Let j(g) = -2*g**3 - 45*g**2 + 26*g + 73. What is j(-23)?
4
Let a(x) = 2*x**3 